{"id":17,"date":"2016-02-12T08:09:36","date_gmt":"2016-02-12T08:09:36","guid":{"rendered":"http:\/\/demos.famethemes.com\/onepress\/?page_id=17"},"modified":"2018-02-15T17:10:04","modified_gmt":"2018-02-15T17:10:04","slug":"our-history","status":"publish","type":"page","link":"https:\/\/sebastianus-wesseling.nrw\/?page_id=17","title":{"rendered":"Unsere Geschichte"},"content":{"rendered":"<div id=\"pl-17\"  class=\"panel-layout\" ><div id=\"pg-17-0\"  class=\"panel-grid panel-no-style\" ><div id=\"pgc-17-0-0\"  class=\"panel-grid-cell\" ><div id=\"panel-17-0-0-0\" class=\"so-panel widget widget_media_image panel-first-child panel-last-child\" data-index=\"0\" ><div class=\"panel-widget-style panel-widget-style-for-17-0-0-0\" ><img width=\"184\" height=\"300\" src=\"https:\/\/sebastianus-wesseling.nrw\/wp-content\/uploads\/2018\/02\/wappen_vektorisiert-1-184x300.png\" class=\"image wp-image-11  attachment-medium size-medium\" alt=\"\" decoding=\"async\" loading=\"lazy\" style=\"max-width: 100%; height: auto;\" srcset=\"https:\/\/sebastianus-wesseling.nrw\/wp-content\/uploads\/2018\/02\/wappen_vektorisiert-1-184x300.png 184w, https:\/\/sebastianus-wesseling.nrw\/wp-content\/uploads\/2018\/02\/wappen_vektorisiert-1.png 299w\" sizes=\"(max-width: 184px) 100vw, 184px\" \/><\/div><\/div><\/div><div id=\"pgc-17-0-1\"  class=\"panel-grid-cell\" ><div id=\"panel-17-0-1-0\" class=\"so-panel widget widget_sow-editor panel-first-child panel-last-child\" data-index=\"1\" ><div class=\"panel-widget-style panel-widget-style-for-17-0-1-0\" ><div\n\t\t\t\n\t\t\tclass=\"so-widget-sow-editor so-widget-sow-editor-base\"\n\t\t\t\n\t\t>\n<div class=\"siteorigin-widget-tinymce textwidget\">\n\t<p><strong>D<\/strong>er \u00e4lteste, heute noch aktive Verein in Wesseling ist die St. Sebastianus Sch\u00fctzenbruderschaft. Unser genaues Gr\u00fcndungsdatum l\u00e4sst sich leider nicht datieren, die erste urkundliche Erw\u00e4hnung findet sich in dem Archiv des F\u00fcrsten von Leyen auf Schloss Wall-Allg\u00e4u. Ein Kaufvertrag der belegt: Die Bruderschaft verkaufte im Jahre 1518 Landbesitz und bestimmte den Erl\u00f6s f\u00fcr eine Me\u00dfstiftung.<br \/> Zum Schutzpatron wurde der heilige Sebastianus gew\u00e4hlt, der im Jahr 288 n. Christus den M\u00e4rtyrertod erlitt.<\/p>\n<p>Weitere Nachweise sind:<br \/> <strong>Anno 1581 Die Sch\u00fctzen aus We\u00dflingen nahmen an dem gro\u00dfen Schie\u00dfspiel auf dem Neumarkt zu K\u00f6ln teil<\/strong><br \/> <strong> Anno 1762 P\u00e4pstliche Bulle<\/strong><br \/> <strong> Anno 1819 Ersten bekannten Statuten unserer Bruderschaft<\/strong><\/p>\n<p>\u00a0<\/p>\n<\/div>\n<\/div><\/div><\/div><\/div><\/div><div id=\"pg-17-1\"  class=\"panel-grid panel-no-style\" ><div id=\"pgc-17-1-0\"  class=\"panel-grid-cell\" ><div id=\"panel-17-1-0-0\" class=\"so-panel widget widget_sow-editor panel-first-child panel-last-child\" data-index=\"2\" ><div\n\t\t\t\n\t\t\tclass=\"so-widget-sow-editor so-widget-sow-editor-base\"\n\t\t\t\n\t\t>\n<div class=\"siteorigin-widget-tinymce textwidget\">\n\t<p><strong>D<\/strong>ie Sch\u00fctzenvereine bildeten sich im Mittelalter, zu einer Zeit, in der viele Menschen ihr Leben unter schlechtesten Bedingungen fristeten. Krankheiten und Epidemien, Raub und Kriege aber auch die Vernichtung der Ernten f\u00fchrten zu unbeschreiblichem Elend und trafen die einfachen Menschen besonders hart. F\u00fcr die vom christlichen Glauben gepr\u00e4gten Menschen waren drei Dinge Ma\u00df und Ziel: <strong>Beten \u2013 Geben \u2013 Arbeiten<\/strong><\/p>\n<p><strong>I<\/strong>m Laufe der Zeit wurde daraus der heute noch g\u00fcltige Leitspruch der historischen deutschen Sch\u00fctzenbruderschaften gepr\u00e4gt: <strong>Glaube \u2013 Sitte \u2013 Heimat<\/strong><\/p>\n<p><strong>N<\/strong>ach der Machtergreifung durch die Nationalsozialisten musste die Bruderschaft im Jahre 1937 ihre Aktivit\u00e4ten einstellen. Am 10.09.1946 wurde die Bruderschaft offiziell wiederbelebt und feierte das erste Sch\u00fctzenfest nach dem 2. Weltkrieg vom 30.07.-01.08.1949.<br \/>\nSeither feiern wir unser j\u00e4hrliches Sch\u00fctzenfest am 1. Augustwochenende in St. Germanus.<\/p>\n<\/div>\n<\/div><\/div><\/div><div id=\"pgc-17-1-1\"  class=\"panel-grid-cell\" ><div id=\"panel-17-1-1-0\" class=\"so-panel widget widget_media_image panel-first-child panel-last-child\" data-index=\"3\" ><img width=\"282\" height=\"300\" src=\"https:\/\/sebastianus-wesseling.nrw\/wp-content\/uploads\/2018\/02\/flagge-282x300.jpg\" class=\"image wp-image-1525  attachment-medium size-medium\" alt=\"\" decoding=\"async\" loading=\"lazy\" style=\"max-width: 100%; height: auto;\" srcset=\"https:\/\/sebastianus-wesseling.nrw\/wp-content\/uploads\/2018\/02\/flagge-282x300.jpg 282w, https:\/\/sebastianus-wesseling.nrw\/wp-content\/uploads\/2018\/02\/flagge.jpg 500w\" sizes=\"(max-width: 282px) 100vw, 282px\" \/><\/div><\/div><\/div><div id=\"pg-17-2\"  class=\"panel-grid panel-no-style\" ><div id=\"pgc-17-2-0\"  class=\"panel-grid-cell\" ><div id=\"panel-17-2-0-0\" class=\"so-panel widget widget_sow-editor panel-first-child panel-last-child\" data-index=\"4\" ><div class=\"panel-widget-style panel-widget-style-for-17-2-0-0\" ><div\n\t\t\t\n\t\t\tclass=\"so-widget-sow-editor so-widget-sow-editor-base\"\n\t\t\t\n\t\t>\n<div class=\"siteorigin-widget-tinymce textwidget\">\n\t<p><strong>D<\/strong>as 500 j\u00e4hrige Bestehen unserer Bruderschaft feiern wir im Jahr 2018 mit einem gro\u00dfen Jubil\u00e4umsfest f\u00fcr und mit den B\u00fcrgern und Vereinen unserer Stadt Wesseling und befreundeten Bruderschaften.<br \/> Wir sind kirchlich den Pfarreien von St. Germanus und St. Andreas verbunden. F\u00fcr unsere Mitglieder ist eine Zugeh\u00f6rigkeit zu einer Kirche oder Religionsgemeinschaft keine Verpflichtung. Wesentlich f\u00fcr uns ist der Anspruch des guten, an christlichen Werten orientierten Miteinanders. Ein hohes kirchliches Fest f\u00fcr die Bruderschaft ist Fronleichnam, hier begleiten wir die Prozession der Pfarreien.<\/p>\n<p><strong>D<\/strong>ie H\u00f6hepunkte unseres Jahres sind das K\u00f6nigs- u. Prinzenschie\u00dfen im Mai\/Juni und unser Sch\u00fctzenfest Anfang August. Das Sch\u00fctzenfest beginnt mit einer feierlichen Messe in unserer Kirche St. Germanus, hierbei werden die neuen Majest\u00e4ten in ihre \u00c4mter eingef\u00fchrt.<br \/> Unsere Vereinsr\u00e4ume und Sportanlagen liegen im Untergescho\u00df des Rathauses Wesseling und bieten gute Trainings- und Versammlungsm\u00f6glichkeiten. Der Schie\u00dfsport, \u00fcberwiegend Luftgewehr, nimmt einen gro\u00dfen Teil unserer sportlichen Aktivit\u00e4ten ein. Daneben bestehen die M\u00f6glichkeiten mit der Luftpistole, dem KK-Gewehr oder der Infrarot-Trainingsanlage zu trainieren.<\/p>\n<p><strong>D<\/strong>as schie\u00dfsportliche K\u00f6nnen wird auch in Wettk\u00e4mpfen auf Bezirks-, Di\u00f6zesan und Bundesebene gemessen.<br \/> Bei Fragen zum Schie\u00dfsport und\/oder zur Teilnahme an einem kostenfreien Probetraining helfen Ihnen unsere Schie\u00dfmeister gerne. sport@sebastianus-wesseling.nrw<\/p>\n<p>Aktuelle Infos finden Sie auch auf unserer Facebook Seite.<\/p>\n<\/div>\n<\/div><\/div><\/div><\/div><\/div><\/div>","protected":false},"excerpt":{"rendered":"<p>Der \u00e4lteste, heute noch aktive Verein in Wesseling ist die St. Sebastianus Sch\u00fctzenbruderschaft. Unser genaues Gr\u00fcndungsdatum &#8230;<\/p>\n","protected":false},"author":1,"featured_media":1514,"parent":0,"menu_order":0,"comment_status":"closed","ping_status":"closed","template":"template-fullwidth.php","meta":[],"_links":{"self":[{"href":"https:\/\/sebastianus-wesseling.nrw\/index.php?rest_route=\/wp\/v2\/pages\/17"}],"collection":[{"href":"https:\/\/sebastianus-wesseling.nrw\/index.php?rest_route=\/wp\/v2\/pages"}],"about":[{"href":"https:\/\/sebastianus-wesseling.nrw\/index.php?rest_route=\/wp\/v2\/types\/page"}],"author":[{"embeddable":true,"href":"https:\/\/sebastianus-wesseling.nrw\/index.php?rest_route=\/wp\/v2\/users\/1"}],"replies":[{"embeddable":true,"href":"https:\/\/sebastianus-wesseling.nrw\/index.php?rest_route=%2Fwp%2Fv2%2Fcomments&post=17"}],"version-history":[{"count":39,"href":"https:\/\/sebastianus-wesseling.nrw\/index.php?rest_route=\/wp\/v2\/pages\/17\/revisions"}],"predecessor-version":[{"id":1534,"href":"https:\/\/sebastianus-wesseling.nrw\/index.php?rest_route=\/wp\/v2\/pages\/17\/revisions\/1534"}],"wp:featuredmedia":[{"embeddable":true,"href":"https:\/\/sebastianus-wesseling.nrw\/index.php?rest_route=\/wp\/v2\/media\/1514"}],"wp:attachment":[{"href":"https:\/\/sebastianus-wesseling.nrw\/index.php?rest_route=%2Fwp%2Fv2%2Fmedia&parent=17"}],"curies":[{"name":"wp","href":"https:\/\/api.w.org\/{rel}","templated":true}]}}